 202?
11122111122
In base 6, what is -2221 + -42?
-2303
In base 8, what is 2 - -226161?
226163
In base 10, what is -213893 + 8?
-213885
In base 16, what is 67 - -2176?
21dd
In base 10, what is -16484 - 83?
-16567
In base 14, what is -38a4 + -19?
-38bd
In base 12, what is -5 - -246a5?
246a0
In base 14, what is -97ad8b + -4?
-97ad91
In base 6, what is 1 + 52123?
52124
In base 9, what is 73362 - 4?
73357
In base 8, what is -1006 - -3?
-1003
In base 3, what is -10012112100 + -10?
-10012112110
In base 6, what is 153 + 2125?
2322
In base 4, what is 122220 + 12?
122232
In base 5, what is -33 + 1113?
1030
In base 14, what is 33a67 - 3?
33a64
In base 5, what is 32413 - -124?
33042
In base 6, what is -21 - -25354?
25333
In base 8, what is -134647 - 27?
-134676
In base 12, what is 189ba8 + -2?
189ba6
In base 4, what is 30 + -122323?
-122233
In base 11, what is -1250586 - -1?
-1250585
In base 13, what is 6c692 + 7?
6c699
In base 4, what is -101 - -2200321?
2200220
In base 13, what is -a2 - -67?
-38
In base 13, what is 21 - -330?
351
In base 14, what is -1d + -7a?
-99
In base 15, what is 1 - -4ab0?
4ab1
In base 7, what is -1 - -15054?
15053
In base 14, what is -17 - 2ad?
-2c6
In base 6, what is 2 - -23350344?
23350350
In base 2, what is -100 + 1010111101001?
1010111100101
In base 3, what is 11002 - 200?
10102
In base 11, what is -100389 + -4?
-100392
In base 4, what is 1001013330 - -1?
1001013331
In base 11, what is 6959 + -26?
6933
In base 8, what is 115002 + 16?
115020
In base 13, what is 2 - -32589?
3258b
In base 4, what is -11 + -22313?
-22330
In base 4, what is 10 - 313313131?
-313313121
In base 12, what is 189a + -19?
1881
In base 13, what is -15 + -12755?
-1276a
In base 15, what is -28a8 - 3?
-28ab
In base 15, what is 1 - 1408d?
-1408c
In base 13, what is -3a2 + 176?
-229
In base 10, what is 25 + -2581?
-2556
In base 13, what is -1 - -2275?
2274
In base 6, what is -234 - 54443?
-55121
In base 2, what is -1010001100100011100 - 1?
-1010001100100011101
In base 14, what is a0 + -6b8?
-618
In base 13, what is -1bc + -139?
-328
In base 15, what is -a4ea + -5?
-a500
In base 10, what is 119 - -28?
147
In base 10, what is -4 - -464846?
464842
In base 16, what is 1b7f2 + 3?
1b7f5
In base 11, what is 171a + 10?
172a
In base 5, what is -403402 - -33?
-403314
In base 13, what is -b + 639?
62b
In base 16, what is 88 - 185?
-fd
In base 14, what is c0 + -98?
26
In base 5, what is 2322 + -1204?
1113
In base 14, what is 1396 + -10?
1386
In base 12, what is 1017 + 603?
161a
In base 15, what is 1ea0 - 3b?
1e64
In base 8, what is -16271 + -16?
-16307
In base 5, what is -10243 - 33003?
-43301
In base 16, what is -3 + -10ba?
-10bd
In base 10, what is 523 + -108?
415
In base 14, what is 85 + -662?
-5bb
In base 16, what is 5 - -20a9?
20ae
In base 2, what is 10110011000001010 + 1010?
10110011000010100
In base 9, what is 2 + -5886?
-5884
In base 16, what is -1d93 - 1b6?
-1f49
In base 5, what is 30344 + -2043?
23301
In base 16, what is -2 - -977c?
977a
In base 4, what is -2002 + -11100?
-13102
In base 4, what is -112211011 + -210?
-112211221
In base 15, what is -72 + 45d?
3db
In base 13, what is 2 + -63b60?
-63b5b
In base 6, what is -3 - 14315?
-14322
In base 12, what is 165 + -2?
163
In base 7, what is -23 + 112501?
112445
In base 5, what is -13041321 + 14?
-13041302
In base 6, what is -3 - -15145533?
15145530
In base 2, what is -1010 + -101110100000101?
-101110100001111
In base 7, what is -600 - 1023?
-1623
In base 9, what is 80 - -533?
623
In base 5, what is -1 - -20242?
20241
In base 4, what is 111010 - 130?
110220
In base 10, what is -17392 + -3?
-17395
In base 3, what is 2222 - -101021?
111020
In base 12, what is 28139 - -8?
28145
In base 4, what is 10 + 2233200?
2233210
In base 5, what is -1 - 1314221?
-1314222
In base 3, what is -12 - 121?
-210
In base 13, what is 69 + -124?
-88
In base 10, what is 446983 - 0?
446983
In base 7, what is -1 - -2104401?
2104400
In base 10, what is 5 - 27936?
-27931
In base 6, what is -1004125 + -140?
-1004305
In base 15, what is -9 - 5087?
-5091
In base 9, what is 467 - -541?
1118
In base 13, what is 5742 + 2a?
576c
In base 14, what is -5 + 5d5?
5d0
In base 9, what is -33343 + 0?
-33343
In base 15, what is -15 - 349?
-35e
In base 5, what is 0 - -11340?
11340
In base 10, what is -2590578 + 0?
-2590578
In base 15, what is 44e4 - 1d?
44c6
In base 5, what is -20233 - -302?
-14431
In base 10, what is 2978 + 29?
3007
In base 7, what is -202 + -260052?
-260254
In base 6, what is 5311 + 2340?
12051
In base 14, what is -d27 - 7?
-d30
In base 7, what is -3 - 14551?
-14554
In base 12, what is -a + -712?
-720
In base 8, what is -13 - 2027?
-2042
In base 13, what is 1a8b + -13?
1a78
In base 14, what is 100165 - 3?
100162
In base 8, what is 1761 - 40?
1721
In base 15, what is 286 + -3d?
248
In base 13, what is -4 + 31bbb?
31bb7
In base 8, what is -12044 - 31?
-12075
In base 3, what is -222 - 102220?
-110212
In base 14, what is -1213 - -2b9?
-d38
In base 5, what is -1234 - 10013?
-11302
In base 7, what is 1431 - 133?
1265
In base 8, what is -6472 + -35?
-6527
In base 11, what is 2542 + 119?
2660
In base 13, what is 15274 - -2?
15276
In base 10, what is -84493 + 1?
-84492
In base 9, what is -33 - -1447?
1414
In base 8, what is -13460123 + -4?
-13460127
In base 6, what is -1434154 + -15?
-1434213
In base 14, what is 17a + 177?
313
In base 13, what is 301b4 - -10?
301c4
In base 8, what is 216 + -23?
173
In base 8, what is 6137 - 30?
6107
In base 6, what is -211 - -10432?
10221
In base 16, what is -17 - a31?
-a48
In base 16, what is -1 - -2a39b?
2a39a
In base 13, what is 0 - -16783?
16783
In base 15, what is -2 + -589?
-58b
In base 6, what is -13521 + 530?
-12551
In base 4, what is 11 + -32112303?
-32112232
In base 7, what is 1354312 + -16?
1354263
In base 13, what is 4 + -448842?
-44883b
In base 5, what is -1400 + 11310?
4410
In base 2, what is -100010 + 100010101101?
100010001011
In base 7, what is -1214642 - -3?
-1214636
In base 10, what is -938255 + 4?
-938251
In base 3, what is 1102222 + 11112?
1121111
In base 4, what is 220202330 + 1?
220202331
In base 7, what is 135 - 2101?
-1633
In base 16, what is 1f3d - -1?
1f3e
In base 4, what is 1 + 21123210?
21123211
In base 4, what is -23013310 - -2?
-23013302
In base 3, what is -101 + -121010222220?
-121011000021
In base 15, what is -4 - 204ed2?
-204ed6
In base 3, what is -2120100 + -121000?
-10011100
In base 6, what is 2304024 - 100?
2303524
In base 8, what is -100 + -1004?
-1104
In base 2, what is 101111100100110101 - -1?
101111100100110110
In base 8, what is 15417 + -24?
15373
In base 14, what is 4c - -2357?
23a5
In base 10, what is 5 + 17895?
17900
In base 7, what is 2031524 + -1?
2031523
In base 7, what is -5 + -5423?
-5431
In base 14, what is -24 - 122?
-146
In base 2, what is -10111 - 1110111111?
-1111010110
In base 8, what is -423 + -30357?
-31002
In base 11, what is 11 - 1201?
-11a0
In base 6, what is 4034541 + 4?
4034545
In base 9, what is -11 + 508462?
508451
In base 6, what is -2 - -50300?
50254
In base 16, what is 43 + 28e?
2d1
In base 10, what is 49 + -7434?
-7385
In base 10, what is 5 - 293?
-288
In base 14, what is 210 + -32?
1bc
In base 5, what is 130341 + 20?
130411
In base 15, what is -57b57 - 2?
-57b59
In base 6, what is 4523 + -42020?
-33053
In base 5, what is -2030 - -13?
-2012
In base 13, what is 22 + 6196?
61b8
In base 3, what is 110201 + 11002202?
11120110
In base 9, what is -7305 + -52?
-7357
In base 16, what is 61dc + 5?
61e1
In base 9, what is 6106 - -65?
6172
In base 7, what is -45334 - -153?
-45151
In base 16, what is 34 - 6ce?
-69a
In base 10, what is 76 + -181?
-105
In base 8, what is -504 - -7212?
6506
In base 15, what is 6 + -a369?
-a363
In base 4, what is 102 + -21333?
-21231
In base 11, what is -320 - 61?
-381
In base 3, what is 102220212 - -10?
102220222
In base 12, what is 3 - 125ab1?
-125aaa
In base 7, what is 1342663 + -36?
1342624
In base 4, what is 20130 + -10201?
3323
In base 14, what is 4 - -3b?
41
In base 7, what is -113 + -45262?
-45405
In base 16, what is 51 + -ca?
-79
In base 15, what is -2 + 50593?
50591
In base 8, what is 5 - -116754?
116761
In base 6, what is 223054 + 100?
223154
In base 13, what is -4 + -38766?
-3876a
In base 9, what is 138 + 1877?
2126